**2 + 2*d + 2. What is the remainder when z is divided by f(-3)?
4
Suppose -1201*d + 1194*d + 175 = 0. Calculate the remainder when 173 is divided by d.
23
Let p = -1480 + 1538. Calculate the remainder when 314 is divided by p.
24
Let z = 24 + -8. Suppose 114 = -10*n + z*n. Calculate the remainder when 170 is divided by n.
18
Let a(l) = -16*l**3 - 5*l**2 + 84*l + 356. Calculate the remainder when a(-4) is divided by 42.
40
Let y be (-2)/6*135/5. What is the remainder when 46 is divided by (6/y)/((-14)/273)?
7
Let s(f) = 6*f**2 + f. Let l be 62/(-15) + (12/45)/2. Let h(o) = -2*o + 11. What is the remainder when h(l) is divided by s(1)?
5
Let y(p) = -2*p**3 + 15*p**2 - 22*p + 5. What is the remainder when 311 is divided by y(5)?
11
Let z = -17 + 41. What is the remainder when 136 is divided by z?
16
Let o = 149 - 100. Let m(q) = -q**2 - 3*q - 4. Let b be m(-3). Calculate the remainder when o is divided by (-2)/(-8) + (-99)/b.
24
Suppose 0 = -16*w + 12*w + 44. Let x be 2/((-17)/9 + 2). Let j = x - w. Calculate the remainder when 25 is divided by j.
4
Suppose 78*y - 30 = 76*y. Let f(d) = d**3 - 4*d**2 - 3*d + 3. Calculate the remainder when f(6) is divided by y.
12
Let r = 18493 + -7601. Suppose -h + 5*h = r. Calculate the remainder when (-2)/9 - h/(-63) is divided by 22.
21
Let v(q) = -q + 17. Let s be v(7). Suppose 0 = -2*f - 3*h + 110, 5*f = f + 2*h + 220. What is the remainder when f is divided by s + 2 - (1 - 3)?
13
Let t = 1 + 1. Let u(d) = 2*d**3 - 4*d**2 + 3*d. Let k be u(t). Calculate the remainder when 8/12 + 158/k is divided by 14.
13
Let f = -754 - -773. Let s(u) = -u**2 + 7*u. What is the remainder when f is divided by s(5)?
9
What is the remainder when 139 is divided by (12 - -23) + -7*1?
27
Suppose v + 13 = 2*q + 2, 10 = q + 4*v. What is the remainder when 206 is divided by q?
2
Suppose 5*k - 2*x = 50 + 222, 4*k - 211 = -5*x. Calculate the remainder when k is divided by (-4)/10 - 294/(-10)*1.
25
Let j = -172 - -70. Let p = -74 - j. Calculate the remainder when 137 is divided by p.
25
Suppose -1072 = -5*f + 2*x, -183*f = -187*f - x + 842. Let d(n) = n**2 - 3*n + 3. Calculate the remainder when f is divided by d(-5).
40
Suppose 5*v = -2*z + 8, 0 = 2*v - 0*z + 5*z - 20. Suppose 6*i = 2*i - 4*h + 124, 5*h - 20 = v. Calculate the remainder when i is divided by 7.
6
Let f(p) = -3 + p**3 + 5*p**3 - 5*p**3 + 14*p - 11*p**2. Calculate the remainder when 147 is divided by f(10).
36
Let x be 23/7 - 6/21. Suppose 0*s = 4*o - s - 197, -x*o - s = -153. Calculate the remainder when o is divided by 13.
11
Suppose 0 = -0*r - 4*r + 16, 0 = -4*o + 4*r + 36. Let t = 1773 + -1766. What is the remainder when o is divided by t?
6
Suppose -5*g - 131 - 264 = -5*u, 288 = 4*u + 3*g. Suppose -z + 2*z - 19 = 0. Calculate the remainder when u is divided by z.
18
What is the remainder when -5 - (4/(-8) + 271/(-2)) is divided by 19?
17
Let l(z) = 33*z**2 + 2*z - 1. Let p(o) = -o + 2. Let v be p(1). What is the remainder when l(v) is divided by 9?
7
Suppose 1113 = 35*h + 273. Suppose 176 = 3*j + j. What is the remainder when j is divided by h?
20
Suppose 4130*w - 56 = 4123*w. Calculate the remainder when 341 is divided by w.
5
Suppose -4*p = -2 - 18, 4*p = 3*i + 38. Calculate the remainder when 1 - 5/2 - 285/i is divided by 12.
10
Suppose -5*t + 8*t - 19 = 4*i, -8 = -t + i. Let l = 77 + -46. What is the remainder when l is divided by t?
5
Suppose 3*j - j = 8. Suppose -j*x + 170 = x. What is the remainder when x is divided by 12?
10
Suppose -r = -p + 51, -5*p + 4*p = 2*r - 42. Let l(i) = 3*i**2 + 6*i + 1. Calculate the remainder when p is divided by l(-4).
23
Let r be 11*4/(-6)*-9. Suppose r = 4*f - 38. Calculate the remainder when 76 is divided by f.
24
Let a = 1512 + -1010. Calculate the remainder when a is divided by 9.
7
Suppose 0 = -2*v + v - 3, 0 = 3*l + 5*v - 24. Suppose l*i - 17*i = -108. Calculate the remainder when 134 is divided by i.
26
Let w be 1/((-3)/(-15))*(-3)/(-5). Let c = w - -20. What is the remainder when 64 is divided by c?
18
Suppose 0 = -72*u + 541 + 683. Suppose 3*z - 5*d = 175, 8 = -3*z + 4*d + 178. What is the remainder when z is divided by u?
16
Let r(i) = i + 6. Let t(u) = -2*u**2 + 21*u - 5. Let a = 42 + -32. What is the remainder when r(11) is divided by t(a)?
2
Suppose 3*j + 4 = 4*g - 2*j, 5*g - j = 26. Calculate the remainder when (-4)/g*-3 - -23 is divided by 15.
10
Let q(h) = -4*h + 26. Calculate the remainder when 41 is divided by q(3).
13
Calculate the remainder when 13/(-6 + (-114)/(-18)) is divided by 24.
15
Let f be 14/(-6) - 16/(-12). Calculate the remainder when (-131)/(-2 - -1) + f is divided by 33.
31
Suppose -4*b - 7 = -3*h, 4*b + 4*h + 20 = 48. Suppose -4*d + 20 = -b*d. What is the remainder when d is divided by 4?
2
Suppose 148 = 11*k - 171. What is the remainder when 45 is divided by k?
16
Suppose -3*z - z + 5*q = -735, 534 = 3*z + 2*q. What is the remainder when z is divided by 38?
28
Suppose 9*i + 14 = 77. Suppose i*y - 31 - 74 = 0. Calculate the remainder when 44 is divided by y.
14
Let b = -7 + -6. Let c = b - -30. Calculate the remainder when 29 - (-6 + (9 + 0 - 6)) is divided by c.
15
Let p be (8/(-6))/(8/(-6) - -1). Suppose 167 = 3*j - h, 0 = -4*h - p - 4. Calculate the remainder when 329 is divided by j.
54
Suppose 4*q + 17*q - 672 = 0. Calculate the remainder when 85 is divided by q.
21
Let n(s) = -s**2 - 6*s + 4*s - 4*s - 4 - 4*s. What is the remainder when 13 is divided by n(-9)?
3
Suppose 0 = 3*y - 7*r + 6*r - 114, -75 = -2*y + r. Calculate the remainder when 115 is divided by y.
37
Calculate the remainder when 15 is divided by (18/(-4))/(55/(-10) - -5).
6
Suppose 0 = 37*u - 34*u - 3*p - 114, 0 = -2*u - 2*p + 80. What is the remainder when u is divided by 28?
11
Let l = 728 - 605. Calculate the remainder when 482 is divided by l.
113
Suppose -4*g - 135 = -9*g. Let p(l) = -l**3 + 4*l**2 + 3*l + 3. What is the remainder when g is divided by p(4)?
12
Suppose -2*y + 0*y = 4*x - 18, -2*x = 3*y - 35. Calculate the remainder when (5/(4 + 1) - 20)/(-1) is divided by y.
6
Let z(o) = 11*o - 8. Calculate the remainder when 72 is divided by z(3).
22
Let i = 32 - 22. Let y be -3*(1 + -13 + -3). Suppose -2*f = -g - 31, 0 = -3*f - 0*g + 2*g + y. What is the remainder when f is divided by i?
7
What is the remainder when (-28)/(-3)*(16 - 1) is divided by 36?
32
Let s = -831 + 833. What is the remainder when 93 is divided by s?
1
Let g = 212 - 71. Calculate the remainder when g is divided by 12.
9
Calculate the remainder when (-3 + (-240)/18)/(2/(-6)) is divided by 6.
1
Let b = -43 - -98. Calculate the remainder when b is divided by 14.
13
Let n(h) = -2*h**3 - 5*h**2 - 3*h - 2. Let z be n(-3). Suppose 5*k - 9 = z. Suppose 9*p - k = 4*p. What is the remainder when 3 is divided by p?
0
Let m be (-108)/(-26) + 6/(-39). Suppose 2*h - 4*h = 5*i - 58, -5*h = m*i - 179. What is the remainder when h is divided by ((-6)/4)/((-3)/20)?
9
Let s be (1 - 0)/(4/32). Suppose 1 - s = -b. What is the remainder when 34 is divided by b?
6
Let p be (-7)/((9/24)/(18/8)). Let j = p + 55. Calculate the remainder when 77 is divided by j.
12
Let c(j) = 2*j**2 + 4*j + 2. Suppose -409*f + 407*f - 685 = -3*a, -a - 4*f + 191 = 0. Calculate the remainder when a is divided by c(-5).
31
Let x = -38 - -43. Let i = 5 - 3. Suppose -i*p - 271 = -x*c, 150 = 3*c + 5*p - 2*p. Calculate the remainder when c is divided by 28.
25
Suppose b = -3*t + 71, -5*t = -4*b + 106 + 144. Suppose -3*z + 4*z - 2*v = 23, 4*z - b = -v. What is the remainder when 83 is divided by z?
15
Calculate the remainder when (1/(-2))/((-8)/1008) + 1 is divided by 18.
10
Suppose x - 20 = -4*x. Calculate the remainder when (12 + x)/(1/4) is divided by 22.
20
Let q(z) be the second derivative of -z**3/3 + 21*z**2/2 + 7*z. Let d be q(-12). Suppose 0 = 10*f - 5*f - d. Calculate the remainder when f is divided by 6.
3
Let j(g) = -g - 2. Suppose 161*c - 171*c + 50 = 0. Calculate the remainder when c is divided by j(-3).
0
Let o = 83 - 49. Suppose -14 = 5*j + 2*j. Let c(g) = -8*g - 7. Calculate the remainder when o is divided by c(j).
7
Let c(f) = -3*f**2 - 7*f - 1. Let b be c(-3). Let p(o) = o**3 + 8*o**2 + 4*o - 16. Calculate the remainder when p(b) is divided by 3.
2
Suppose 7*k + 9 + 12 = 0. 